{"version":"1.0","provider_name":"OidosSucios.Com","provider_url":"https:\/\/www.oidossucios.com\/site","author_name":"Oidossucios","author_url":"https:\/\/www.oidossucios.com\/site\/author\/oidossucios\/","title":"David Lee Roth de regreso en Van Halen - OidosSucios.Com","type":"rich","width":600,"height":338,"html":"<blockquote class=\"wp-embedded-content\" data-secret=\"lMveIW4wJB\"><a href=\"https:\/\/www.oidossucios.com\/site\/david-lee-roth-de-regreso-en-van-halen\/\">David Lee Roth de regreso en Van Halen<\/a><\/blockquote><iframe sandbox=\"allow-scripts\" security=\"restricted\" src=\"https:\/\/www.oidossucios.com\/site\/david-lee-roth-de-regreso-en-van-halen\/embed\/#?secret=lMveIW4wJB\" width=\"600\" height=\"338\" title=\"\u00abDavid Lee Roth de regreso en Van Halen\u00bb \u2014 OidosSucios.Com\" data-secret=\"lMveIW4wJB\" frameborder=\"0\" marginwidth=\"0\" marginheight=\"0\" scrolling=\"no\" class=\"wp-embedded-content\"><\/iframe><script type=\"text\/javascript\">\n\/* <![CDATA[ *\/\n\/*! This file is auto-generated *\/\n!function(d,l){\"use strict\";l.querySelector&&d.addEventListener&&\"undefined\"!=typeof URL&&(d.wp=d.wp||{},d.wp.receiveEmbedMessage||(d.wp.receiveEmbedMessage=function(e){var t=e.data;if((t||t.secret||t.message||t.value)&&!\/[^a-zA-Z0-9]\/.test(t.secret)){for(var s,r,n,a=l.querySelectorAll('iframe[data-secret=\"'+t.secret+'\"]'),o=l.querySelectorAll('blockquote[data-secret=\"'+t.secret+'\"]'),c=new RegExp(\"^https?:$\",\"i\"),i=0;i<o.length;i++)o[i].style.display=\"none\";for(i=0;i<a.length;i++)s=a[i],e.source===s.contentWindow&&(s.removeAttribute(\"style\"),\"height\"===t.message?(1e3<(r=parseInt(t.value,10))?r=1e3:~~r<200&&(r=200),s.height=r):\"link\"===t.message&&(r=new URL(s.getAttribute(\"src\")),n=new URL(t.value),c.test(n.protocol))&&n.host===r.host&&l.activeElement===s&&(d.top.location.href=t.value))}},d.addEventListener(\"message\",d.wp.receiveEmbedMessage,!1),l.addEventListener(\"DOMContentLoaded\",function(){for(var e,t,s=l.querySelectorAll(\"iframe.wp-embedded-content\"),r=0;r<s.length;r++)(t=(e=s[r]).getAttribute(\"data-secret\"))||(t=Math.random().toString(36).substring(2,12),e.src+=\"#?secret=\"+t,e.setAttribute(\"data-secret\",t)),e.contentWindow.postMessage({message:\"ready\",secret:t},\"*\")},!1)))}(window,document);\n\/* ]]> *\/\n<\/script>\n","thumbnail_url":"https:\/\/www.oidossucios.com\/site\/wp-content\/uploads\/2006\/10\/1144.jpg","thumbnail_width":290,"thumbnail_height":100,"description":"En una rueda de prensa convocada esta ma\u00f1ana, la productora Evenpro confirm\u00f3 el cambio de locaci\u00f3n para el concierto de la colombiana Shakira, el cual ser\u00e1 ahora en el Aeropuerto de La Carlota."}

En una rueda de prensa convocada esta mañana, la productora Evenpro confirmó el cambio de locación para el concierto de la colombiana Shakira, el cual será ahora en el Aeropuerto de La Carlota.
