{"version":"1.0","provider_name":"OidosSucios.Com","provider_url":"https:\/\/www.oidossucios.com\/site","author_name":"Oidossucios","author_url":"https:\/\/www.oidossucios.com\/site\/author\/oidossucios\/","title":"Offspring anuncia oficialmente su gira sudamericana - OidosSucios.Com","type":"rich","width":600,"height":338,"html":"<blockquote class=\"wp-embedded-content\" data-secret=\"Amxab4vCiB\"><a href=\"https:\/\/www.oidossucios.com\/site\/offspring-anuncia-oficialmente-su-gira-sudamericana\/\">Offspring anuncia oficialmente su gira sudamericana<\/a><\/blockquote><iframe sandbox=\"allow-scripts\" security=\"restricted\" src=\"https:\/\/www.oidossucios.com\/site\/offspring-anuncia-oficialmente-su-gira-sudamericana\/embed\/#?secret=Amxab4vCiB\" width=\"600\" height=\"338\" title=\"\u00abOffspring anuncia oficialmente su gira sudamericana\u00bb \u2014 OidosSucios.Com\" data-secret=\"Amxab4vCiB\" frameborder=\"0\" marginwidth=\"0\" marginheight=\"0\" scrolling=\"no\" class=\"wp-embedded-content\"><\/iframe><script type=\"text\/javascript\">\n\/* <![CDATA[ *\/\n\/*! This file is auto-generated *\/\n!function(d,l){\"use strict\";l.querySelector&&d.addEventListener&&\"undefined\"!=typeof URL&&(d.wp=d.wp||{},d.wp.receiveEmbedMessage||(d.wp.receiveEmbedMessage=function(e){var t=e.data;if((t||t.secret||t.message||t.value)&&!\/[^a-zA-Z0-9]\/.test(t.secret)){for(var s,r,n,a=l.querySelectorAll('iframe[data-secret=\"'+t.secret+'\"]'),o=l.querySelectorAll('blockquote[data-secret=\"'+t.secret+'\"]'),c=new RegExp(\"^https?:$\",\"i\"),i=0;i<o.length;i++)o[i].style.display=\"none\";for(i=0;i<a.length;i++)s=a[i],e.source===s.contentWindow&&(s.removeAttribute(\"style\"),\"height\"===t.message?(1e3<(r=parseInt(t.value,10))?r=1e3:~~r<200&&(r=200),s.height=r):\"link\"===t.message&&(r=new URL(s.getAttribute(\"src\")),n=new URL(t.value),c.test(n.protocol))&&n.host===r.host&&l.activeElement===s&&(d.top.location.href=t.value))}},d.addEventListener(\"message\",d.wp.receiveEmbedMessage,!1),l.addEventListener(\"DOMContentLoaded\",function(){for(var e,t,s=l.querySelectorAll(\"iframe.wp-embedded-content\"),r=0;r<s.length;r++)(t=(e=s[r]).getAttribute(\"data-secret\"))||(t=Math.random().toString(36).substring(2,12),e.src+=\"#?secret=\"+t,e.setAttribute(\"data-secret\",t)),e.contentWindow.postMessage({message:\"ready\",secret:t},\"*\")},!1)))}(window,document);\n\/* ]]> *\/\n<\/script>\n","thumbnail_url":"https:\/\/www.oidossucios.com\/site\/wp-content\/uploads\/2004\/09\/1046.jpg","thumbnail_width":290,"thumbnail_height":100,"description":"Desde la primera semana de octubre se transmitir\u00e1 por la se\u00f1al de VTV un nuevo programa televisivo del rockero Paul Gillman, seg\u00fan coment\u00f3 en una entrevista en el canal. Adem\u00e1s anunci\u00f3 la creaci\u00f3n de 103.9 FM, Radio Nacional Juvenil, una cadena nacional de radio musical dedicada al segmento juvenil."}

Desde la primera semana de octubre se transmitirá por la señal de VTV un nuevo programa televisivo del rockero Paul Gillman, según comentó en una entrevista en el canal. Además anunció la creación de 103.9 FM, Radio Nacional Juvenil, una cadena nacional de radio musical dedicada al segmento juvenil.
